{"id":41,"date":"2015-09-22T20:57:51","date_gmt":"2015-09-22T18:57:51","guid":{"rendered":"http:\/\/demo.unios.hr\/kvaliteta\/?page_id=41"},"modified":"2024-02-13T08:37:04","modified_gmt":"2024-02-13T07:37:04","slug":"povijest","status":"publish","type":"page","link":"https:\/\/www.unios.hr\/kvaliteta\/o-centru\/povijest\/","title":{"rendered":"Povijest"},"content":{"rendered":"<p style=\"text-align: justify\">U okviru formiranja unaprije\u0111enog modela sustava kvalitete Senat Sveu\u010dili\u0161ta donio je u lipnju 2012. godine Odluku o osnivanju Centra za unaprje\u0111enje i osiguranje kvalitete visokog obrazovanja te Odluku o imenovanju privremene voditeljice Centra za unaprje\u0111enje i osiguranje kvalitete visokog obrazovanja. Tako\u0111er je imenovana voditeljica sustava osiguranja i unaprje\u0111enja kvalitete i izra\u0111en je Elaborat o opravdanosti osnutka i na\u010dinu ustroja Centra za kvalitetu.<\/p>\n<p style=\"text-align: justify\">Osnivanje Centra za unaprje\u0111enje i osiguranje kvalitete visokog obrazovanja predstavlja pro\u0161irenje integrativne funkcije Sveu\u010dili\u0161ta Josipa Jurja Strossmayera u Osijeku, a svrha njegovog osnivanja je podr\u0161ka prepoznatljivosti i konkurentnosti osje\u010dkog Sveu\u010dili\u0161ta u europskom visoko\u0161kolskom prostoru.<\/p>\n<hr \/>\n<p style=\"text-align: justify\">Senat Sveu\u010dili\u0161ta Josipa Jurja Strossmayera u Osijeku na 3. sjednici u akademskoj 2013.\/2014. godini odr\u017eanoj 17. prosinca 2013. godine pod to\u010dkom 5. dnevnog reda donio je <a href=\"https:\/\/www.unios.hr\/uploads\/50Pravilnik%20Centra%20za%20kvalitetu%202013.%20SE_.pdf\">Pravilnik Centra<\/a> za unaprje\u0111enje i osiguranje kvalitete visokog obrazovanja.<\/p>\n<hr \/>\n<p style=\"text-align: justify\">Senat Sveu\u010dili\u0161ta Josipa Jurja Strossmayera u Osijeku na 4. sjednici u akademskoj 2013.\/2014. odr\u017eanoj 28. sije\u010dnja 2014. godine pod to\u010dkom 3. dnevnog reda donio je Odluku o imenovanju prof. dr. sc. Sanje Lon\u010dar Vickovi\u0107 pro\u010delnicom Centra za unaprje\u0111enje i osiguranje kvalitete visokog obrazovanja.<\/p>\n<p><img loading=\"lazy\" decoding=\"async\" class=\"wp-image-1466 alignright\" src=\"https:\/\/www.unios.hr\/kvaliteta\/wp-content\/uploads\/sites\/2\/2016\/03\/kapelica-stara1-150x150.jpg\" alt=\"kapelica stara1\" width=\"220\" height=\"220\" srcset=\"https:\/\/www.unios.hr\/kvaliteta\/wp-content\/uploads\/sites\/2\/2016\/03\/kapelica-stara1-50x50.jpg 50w, https:\/\/www.unios.hr\/kvaliteta\/wp-content\/uploads\/sites\/2\/2016\/03\/kapelica-stara1-80x80.jpg 80w, https:\/\/www.unios.hr\/kvaliteta\/wp-content\/uploads\/sites\/2\/2016\/03\/kapelica-stara1-100x100.jpg 100w, https:\/\/www.unios.hr\/kvaliteta\/wp-content\/uploads\/sites\/2\/2016\/03\/kapelica-stara1-150x150.jpg 150w, https:\/\/www.unios.hr\/kvaliteta\/wp-content\/uploads\/sites\/2\/2016\/03\/kapelica-stara1-263x263.jpg 263w\" sizes=\"auto, (max-width: 220px) 100vw, 220px\" \/><\/p>\n<hr \/>\n<ul>\n<li><a href=\"https:\/\/www.unios.hr\/kvaliteta\/wp-content\/uploads\/sites\/2\/2015\/09\/elaborat-Centar.pdf\" rel=\"\">Elaborat Centra<\/a><\/li>\n<li><a href=\"https:\/\/www.unios.hr\/kvaliteta\/wp-content\/uploads\/sites\/2\/2015\/09\/Odluka-o-prihvacanju-Elaborata.pdf\" rel=\"\">Odluka o prihvacanju Elaborata<\/a><\/li>\n<li><a href=\"https:\/\/www.unios.hr\/kvaliteta\/wp-content\/uploads\/sites\/2\/2015\/09\/Odluka-o-osnivanju-Centra-za-unaprjedenje-i-osiguranje-kvalitete.pdf\" rel=\"\">Odluka o osnivanju Centra za unaprjedenje i osiguranje kvalitete<\/a><\/li>\n<li><a href=\"https:\/\/www.unios.hr\/kvaliteta\/wp-content\/uploads\/sites\/2\/2015\/09\/50Odluka-o-voditelju-Centra.pdf\" rel=\"\">Odluka o voditelju Centra<\/a><\/li>\n<li><a href=\"https:\/\/www.unios.hr\/kvaliteta\/wp-content\/uploads\/sites\/2\/2015\/09\/Odluka-prijedlog-kandidata-za-procelnika-Centra.pdf\" rel=\"\">Odluka prijedlog kandidata za pro\u010delnika Centra<\/a><\/li>\n<li><a href=\"https:\/\/www.unios.hr\/kvaliteta\/wp-content\/uploads\/sites\/2\/2015\/09\/50Odluka-Senata-procelnica.pdf\" rel=\"\">Odluka Senata o imenovanju pro\u010delnice<\/a><\/li>\n<li><a href=\"https:\/\/www.unios.hr\/kvaliteta\/wp-content\/uploads\/sites\/2\/2015\/09\/Odluka-o-imenovanju-voditeljice-sustava-osiguranja-i-unaprjedenja-kvalitete.pdf\" rel=\"\">Odluka o imenovanju voditeljice sustava osiguranja i unaprjedenja kvalitete<\/a><\/li>\n<\/ul>\n<p>&nbsp;<\/p>\n<hr \/>\n<p>&nbsp;<\/p>\n<p>Senat Sveu\u010dili\u0161ta Josipa Jurja Strossmayera u Osijeku na 4. sjednici u akademskoj 2017.\/2018. odr\u017eanoj 24. sije\u010dnja 2018. godine pod to\u010dkom 5. dnevnog reda donio je Odluku o imenovanju izv. prof. dr. sc. Renate Bali\u010devi\u0107 pro\u010delnicom Centra za unaprje\u0111enje i osiguranje kvalitete visokog obrazovanja za mandatno razdoblje 2018.-2022.<\/p>\n<ul>\n<li><a href=\"https:\/\/www.unios.hr\/kvaliteta\/wp-content\/uploads\/sites\/2\/2015\/09\/Odluka-Vijeca-o-prijedlogu-kandidata-za-procelnika.pdf\" rel=\"\">Odluka Vije\u0107a o prijedlogu kandidata za pro\u010delnika Centra<\/a><\/li>\n<li><a href=\"https:\/\/www.unios.hr\/kvaliteta\/wp-content\/uploads\/sites\/2\/2015\/09\/Odluka-Senata-o-imenovanju-procelnika.pdf\" rel=\"\">Odluka Senata o imenovanju pro\u010delnika Centra<\/a><\/li>\n<\/ul>\n<hr \/>\n<p style=\"text-align: justify\">Senat Sveu\u010dili\u0161ta Josipa Jurja Strossmayera u Osijeku na 1. sjednici u akademskoj 2021.\/2022. odr\u017eanoj 27. listopada 2021. godine pod to\u010dkom 5. dnevnog reda donio je Odluku o imenovanju prof. dr. sc. Renate Bali\u010devi\u0107 pro\u010delnicom Centra za unaprje\u0111enje i osiguranje kvalitete visokog obrazovanja za mandatno razdoblje 2022.-2026.<\/p>\n<hr \/>\n<p>Sveu\u010dili\u0161te Josipa Jurja Strossmayera u Osijeku je u skladu s \u010dlankom 190. stavkom 1. Zakona o znanstvenoj djelatnosti i visokom obrazovanju izmijenilo Statut Sveu\u010dili\u0161ta. U \u010dlanku 23. Statuta definiran je status Centra te je, u skladu sa Zakonom o osiguravanju kvalitete u visokom obrazovanju, promijenjen naziv u <strong>Sveu\u010dili\u0161ni centar za osiguravanje i unaprje\u0111ivanje kvalitete visokog obrazovanja<\/strong>.<\/p>\n<hr \/>\n","protected":false},"excerpt":{"rendered":"<p>U okviru formiranja unaprije\u0111enog modela sustava kvalitete Senat Sveu\u010dili\u0161ta donio je u lipnju 2012. godine Odluku o osnivanju Centra za unaprje\u0111enje i osiguranje kvalitete visokog obrazovanja te Odluku o imenovanju privremene voditeljice Centra za unaprje\u0111enje i osiguranje kvalitete visokog obrazovanja. Tako\u0111er je imenovana voditeljica sustava osiguranja i unaprje\u0111enja kvalitete i izra\u0111en je Elaborat o opravdanosti osnutka i na\u010dinu ustroja Centra za kvalitetu. Osnivanje Centra za unaprje\u0111enje i osiguranje kvalitete visokog obrazovanja predstavlja pro\u0161irenje integrativne funkcije Sveu\u010dili\u0161ta Josipa Jurja Strossmayera u Osijeku, a svrha njegovog osnivanja je podr\u0161ka prepoznatljivosti i konkurentnosti osje\u010dkog Sveu\u010dili\u0161ta u europskom visoko\u0161kolskom prostoru. Senat Sveu\u010dili\u0161ta Josipa Jurja [&hellip;]<\/p>\n","protected":false},"author":9,"featured_media":873,"parent":201,"menu_order":20,"comment_status":"closed","ping_status":"closed","template":"","meta":{"_monsterinsights_skip_tracking":false,"_monsterinsights_sitenote_active":false,"_monsterinsights_sitenote_note":"","_monsterinsights_sitenote_category":0,"ngg_post_thumbnail":0,"footnotes":"","_links_to":"","_links_to_target":""},"coauthors":[95],"class_list":["post-41","page","type-page","status-publish","has-post-thumbnail","hentry"],"publishpress_future_action":{"enabled":false,"date":"2026-04-24 15:53:17","action":"change-status","newStatus":"draft","terms":[],"taxonomy":"avhec_catgroup","extraData":[]},"publishpress_future_workflow_manual_trigger":{"enabledWorkflows":[]},"_links":{"self":[{"href":"https:\/\/www.unios.hr\/kvaliteta\/wp-json\/wp\/v2\/pages\/41","targetHints":{"allow":["GET"]}}],"collection":[{"href":"https:\/\/www.unios.hr\/kvaliteta\/wp-json\/wp\/v2\/pages"}],"about":[{"href":"https:\/\/www.unios.hr\/kvaliteta\/wp-json\/wp\/v2\/types\/page"}],"author":[{"embeddable":true,"href":"https:\/\/www.unios.hr\/kvaliteta\/wp-json\/wp\/v2\/users\/9"}],"replies":[{"embeddable":true,"href":"https:\/\/www.unios.hr\/kvaliteta\/wp-json\/wp\/v2\/comments?post=41"}],"version-history":[{"count":4,"href":"https:\/\/www.unios.hr\/kvaliteta\/wp-json\/wp\/v2\/pages\/41\/revisions"}],"predecessor-version":[{"id":6813,"href":"https:\/\/www.unios.hr\/kvaliteta\/wp-json\/wp\/v2\/pages\/41\/revisions\/6813"}],"up":[{"embeddable":true,"href":"https:\/\/www.unios.hr\/kvaliteta\/wp-json\/wp\/v2\/pages\/201"}],"wp:featuredmedia":[{"embeddable":true,"href":"https:\/\/www.unios.hr\/kvaliteta\/wp-json\/wp\/v2\/media\/873"}],"wp:attachment":[{"href":"https:\/\/www.unios.hr\/kvaliteta\/wp-json\/wp\/v2\/media?parent=41"}],"wp:term":[{"taxonomy":"author","embeddable":true,"href":"https:\/\/www.unios.hr\/kvaliteta\/wp-json\/wp\/v2\/coauthors?post=41"}],"curies":[{"name":"wp","href":"https:\/\/api.w.org\/{rel}","templated":true}]}}