{"id":43,"date":"2015-09-22T20:58:18","date_gmt":"2015-09-22T18:58:18","guid":{"rendered":"http:\/\/demo.unios.hr\/kvaliteta\/?page_id=43"},"modified":"2026-04-17T11:17:15","modified_gmt":"2026-04-17T09:17:15","slug":"vijece-centra","status":"publish","type":"page","link":"https:\/\/www.unios.hr\/kvaliteta\/o-centru\/vijece-centra\/","title":{"rendered":"Vije\u0107e Centra"},"content":{"rendered":"<p>Na temelju Pravilnika Sveu\u010dili\u0161nog centra za osiguravanje i unaprje\u0111ivanje kvalitete visokog obrazovanja, Sveu\u010dili\u0161ta Josipa Jurja Strossmayera u Osijeku, 23. sije\u010dnja 2014. godine, konstituirano je Vije\u0107e Centra.<\/p>\n<div class=\"su-spacer\" style=\"height:20px\"><\/div>\n<div id=\"su_slider_69e41a91c7c58\" class=\"su-slider su-slider-centered su-slider-pages-no su-slider-responsive-yes\" style=\"width:100%\" data-autoplay=\"5000\" data-speed=\"600\" data-mousewheel=\"true\"><div class=\"su-slider-slides\"><div class=\"su-slider-slide\"><a><img decoding=\"async\" src=\"https:\/\/www.unios.hr\/kvaliteta\/wp-content\/uploads\/sites\/2\/2015\/09\/Vije\u0107e.jpg\" alt=\"Vije\u0107e Centra\" \/><\/a><\/div><div class=\"su-slider-slide\"><a><img decoding=\"async\" src=\"https:\/\/www.unios.hr\/kvaliteta\/wp-content\/uploads\/sites\/2\/2015\/09\/Vije\u0107e2.jpg\" alt=\"Vije\u0107e Centra\" \/><\/a><\/div><\/div><div class=\"su-slider-nav\"><div class=\"su-slider-direction\"><span class=\"su-slider-prev\"><\/span><span class=\"su-slider-next\"><\/span><\/div><div class=\"su-slider-pagination\"><\/div><\/div><\/div>\n<div class=\"su-spacer\" style=\"height:20px\"><\/div>\n<h4>\u010clanovi Vije\u0107a <strong>Sveu\u010dili\u0161nog centra za osiguravanje i unaprje\u0111ivanje kvalitete visokog obrazovanja<\/strong> u 2026. godini<\/h4>\n<div class=\"su-spacer\" style=\"height:10px\"><\/div>\n<div class=\"su-list su-list-13\" style=\"margin-left:0px\"><\/div>\n<ul>\n<li style=\"list-style-type: none\">\n<ul>\n<li style=\"list-style-type: none\">\n<ul>\n<li style=\"list-style-type: none\">\n<ul>\n<li style=\"list-style-type: none\">\n<ul>\n<li style=\"list-style-type: none\">\n<ul>\n<li style=\"list-style-type: none\">\n<ul>\n<li>Doc. dr. sc. <strong>Ivana Bara\u0107<\/strong>, pro\u010delnica Sveu\u010dili\u0161nog centra za osiguravanje i unaprje\u0111ivanje kvalitete visokog obrazovanja<\/li>\n<li><strong>Marina Holjenko<\/strong>, Odjel za osiguravanje i unaprje\u0111ivanje kvalitete obrazovanja, Centar<\/li>\n<li><strong>Vi\u0161nja Sak Bosnar<\/strong>, Odjel priznavanje inozemnih obrazovnih kvalifikacija i razvoj karijera, Centar<strong>\u00a0<\/strong><\/li>\n<li><strong>Dubravka Trampus<\/strong>, Odjel za studijske programe i pra\u0107enje kvalitete nastave, Centar<\/li>\n<li>mr. sc.<strong> Nalanda Kantor<\/strong>, Odjel za kvalitetu Ekonomskog fakulteta<\/li>\n<li><strong>Marija Grgi\u0107<\/strong>, Odjel za kvalitetu Fakulteta agrobiotehni\u010dkih znanosti<\/li>\n<li><strong>-<\/strong>, Odjel za kvalitetu Fakulteta za dentalnu medicinu i zdravstvo<\/li>\n<li><strong>Miriam Aramba\u0161i\u0107<\/strong>, Odjel za kvalitetu Fakulteta elektrotehnike, ra\u010dunarstva i informacijskih tehnologija<\/li>\n<li><strong>Marija Sabo<\/strong>, Odjel za kvalitetu Fakulteta za primjenjenu matematiku i informatiku<\/li>\n<li><strong>Martina Bala\u017ei\u0107<\/strong>, Odjel za kvalitetu Fakulteta za odgojne i obrazovne znanosti<\/li>\n<li><strong>Tatjana Pand\u017ei\u0107<\/strong>, Odjel za kvalitetu Fakulteta turizma i ruralnog razvoja<\/li>\n<li><strong>Kristina Juri\u0107<\/strong>, Odjel za kvalitetu Filozofskog fakulteta<\/li>\n<li><strong>Edita Pinteri\u0107<\/strong>, Odjel za kvalitetu Gra\u0111evinskog i arhitektonskog fakulteta<\/li>\n<li><strong>Antonija Pranjkovi\u0107<\/strong>, Odjel za kvalitetu Katoli\u010dkog bogoslovnog fakulteta<\/li>\n<li><strong>Barbara Mrkonji\u0107<\/strong>, Odjel za kvalitetu Kineziolo\u0161kog fakulteta<\/li>\n<li><strong>Sandra Lustig<\/strong>, Odjel za kvalitetu Medicinskog fakulteta<\/li>\n<li><strong>Marijan Duman\u010di\u0107<\/strong>, Odjel za kvalitetu Pravnog fakulteta<\/li>\n<li><strong>Ivana Lau\u0161<\/strong>, Odjel za kvalitetu Prehrambeno-tehnolo\u0161kog fakulteta<\/li>\n<li><strong>Kristina Vinkovi\u0107<\/strong>, Odjel za kvalitetu Akademije za umjetnost i kulturu<\/li>\n<li>mr. sc. <strong>Ines Arbanas<\/strong>, Odjel za kvalitetu Odjela za biologiju<\/li>\n<li><strong>Jelena \u017du\u017ei\u0107, <\/strong>Odjel za kvalitetu Odjela za fiziku<\/li>\n<li><strong>Sanja Petru\u0161i\u0107<\/strong>, Odjel za kvalitetu Odjela za kemiju<\/li>\n<li><strong>Svjetlana Mokri\u0161<\/strong>, predstavnica Gradske i sveu\u010dili\u0161ne knji\u017enice Osijek<\/li>\n<li><strong>Marija \u010culo<\/strong>, predstavnica Studentskog centra Osijek<\/li>\n<li><strong>Mia Puci\u0107<\/strong>, studentica Filozofskog fakulteta u Osijeku<\/li>\n<li><strong>Patricija Gali\u0107<\/strong>, studentica Fakulteta za dentalnu medicinu i\u00a0 zdravstvo<\/li>\n<li><strong>Ivana Nad<\/strong>, vanjski dionik, Hrvatski zavod za zapo\u0161ljavanje, Podru\u010dna slu\u017eba Osijek<\/li>\n<li><strong>dr. sc. Tomislav Duvnjak<\/strong>, vanjski dionik, Poljoprivredni institut Osijek<\/li>\n<li><strong>Marija Rasonja<\/strong>, Odjel za pravne, informati\u010dke i stru\u010dno-administrativne poslove; stru\u010dna i administrativna podr\u0161ka radu Vije\u0107a, \u010dlan Vije\u0107a bez prava glasa<\/li>\n<\/ul>\n<\/li>\n<\/ul>\n<\/li>\n<\/ul>\n<\/li>\n<\/ul>\n<\/li>\n<\/ul>\n<\/li>\n<\/ul>\n<\/li>\n<\/ul>\n<p style=\"text-align: justify\">Vije\u0107e Sveu\u010dili\u0161nog centra za osiguravanje i unaprje\u0111ivanje kvalitete visokog obrazovanja prema \u010dlanku 28. stavka 2. Pravilnika Sveu\u010dili\u0161nog centra za osiguravanje i unaprje\u0111ivanje kvalitete visokog obrazovanja \u010dine voditelji ureda Centra i voditelji ustrojstvenih jedinica za kvalitetu na sastavnicama Sveu\u010dili\u0161ta, po jedan predstavnik drugih pravnih osoba Sveu\u010dili\u0161ta: Gradske i sveu\u010dili\u0161ne knji\u017enice Osijek, Studentskog centra u Osijeku, jedan predstavnik zaposlenika u skladu sa Zakonom o radu, dva predstavnika studenata koja predla\u017ee Studentski zbor Sveu\u010dili\u0161ta i dva vanjska \u010dlana iz neakademske zajednice. Pro\u010delnica Centra \u010dlan je Vije\u0107a Centra po polo\u017eaju.<\/p>\n","protected":false},"excerpt":{"rendered":"<p>Na temelju Pravilnika Sveu\u010dili\u0161nog centra za osiguravanje i unaprje\u0111ivanje kvalitete visokog obrazovanja, Sveu\u010dili\u0161ta Josipa Jurja Strossmayera u Osijeku, 23. sije\u010dnja 2014. godine, konstituirano je Vije\u0107e Centra. \u010clanovi Vije\u0107a Sveu\u010dili\u0161nog centra za osiguravanje i unaprje\u0111ivanje kvalitete visokog obrazovanja u 2026. godini Doc. dr. sc. Ivana Bara\u0107, pro\u010delnica Sveu\u010dili\u0161nog centra za osiguravanje i unaprje\u0111ivanje kvalitete visokog obrazovanja Marina Holjenko, Odjel za osiguravanje i unaprje\u0111ivanje kvalitete obrazovanja, Centar Vi\u0161nja Sak Bosnar, Odjel priznavanje inozemnih obrazovnih kvalifikacija i razvoj karijera, Centar\u00a0 Dubravka Trampus, Odjel za studijske programe i pra\u0107enje kvalitete nastave, Centar mr. sc. Nalanda Kantor, Odjel za kvalitetu Ekonomskog fakulteta Marija Grgi\u0107, Odjel [&hellip;]<\/p>\n","protected":false},"author":9,"featured_media":7510,"parent":201,"menu_order":30,"comment_status":"closed","ping_status":"closed","template":"","meta":{"_monsterinsights_skip_tracking":false,"_monsterinsights_sitenote_active":false,"_monsterinsights_sitenote_note":"","_monsterinsights_sitenote_category":0,"ngg_post_thumbnail":0,"footnotes":"","_links_to":"","_links_to_target":""},"coauthors":[95],"class_list":["post-43","page","type-page","status-publish","has-post-thumbnail","hentry"],"publishpress_future_action":{"enabled":false,"date":"2026-04-26 01:58:09","action":"change-status","newStatus":"draft","terms":[],"taxonomy":"avhec_catgroup","extraData":[]},"publishpress_future_workflow_manual_trigger":{"enabledWorkflows":[]},"_links":{"self":[{"href":"https:\/\/www.unios.hr\/kvaliteta\/wp-json\/wp\/v2\/pages\/43","targetHints":{"allow":["GET"]}}],"collection":[{"href":"https:\/\/www.unios.hr\/kvaliteta\/wp-json\/wp\/v2\/pages"}],"about":[{"href":"https:\/\/www.unios.hr\/kvaliteta\/wp-json\/wp\/v2\/types\/page"}],"author":[{"embeddable":true,"href":"https:\/\/www.unios.hr\/kvaliteta\/wp-json\/wp\/v2\/users\/9"}],"replies":[{"embeddable":true,"href":"https:\/\/www.unios.hr\/kvaliteta\/wp-json\/wp\/v2\/comments?post=43"}],"version-history":[{"count":4,"href":"https:\/\/www.unios.hr\/kvaliteta\/wp-json\/wp\/v2\/pages\/43\/revisions"}],"predecessor-version":[{"id":7521,"href":"https:\/\/www.unios.hr\/kvaliteta\/wp-json\/wp\/v2\/pages\/43\/revisions\/7521"}],"up":[{"embeddable":true,"href":"https:\/\/www.unios.hr\/kvaliteta\/wp-json\/wp\/v2\/pages\/201"}],"wp:featuredmedia":[{"embeddable":true,"href":"https:\/\/www.unios.hr\/kvaliteta\/wp-json\/wp\/v2\/media\/7510"}],"wp:attachment":[{"href":"https:\/\/www.unios.hr\/kvaliteta\/wp-json\/wp\/v2\/media?parent=43"}],"wp:term":[{"taxonomy":"author","embeddable":true,"href":"https:\/\/www.unios.hr\/kvaliteta\/wp-json\/wp\/v2\/coauthors?post=43"}],"curies":[{"name":"wp","href":"https:\/\/api.w.org\/{rel}","templated":true}]}}