{"id":56,"date":"2015-09-22T21:07:31","date_gmt":"2015-09-22T19:07:31","guid":{"rendered":"http:\/\/demo.unios.hr\/kvaliteta\/?page_id=56"},"modified":"2026-04-17T11:20:12","modified_gmt":"2026-04-17T09:20:12","slug":"kvaliteta-na-sastavnicama","status":"publish","type":"page","link":"https:\/\/www.unios.hr\/kvaliteta\/sustav-kvalitete\/kvaliteta-na-sastavnicama\/","title":{"rendered":"Kvaliteta na sastavnicama"},"content":{"rendered":"<p style=\"text-align: justify\">Prema Pravilniku o ustroju i djelovanju sustava za osiguranje kvalitete na Sveu\u010dili\u0161tu Josipa Jurja Strossmayera u Osijeku ustrojbena jedinica sustava osiguranja kvalitete na sastavnici je ured za osiguravanje i unaprje\u0111ivanje kvalitete, a stru\u010dno tijelo je povjerenstvo za osiguravanje i unaprje\u0111ivanje kvalitete visokog obrazovanja.<\/p>\n<div class=\"su-spacer\" style=\"height:20px\"><\/div>\n<p style=\"text-align: center;font-size: 14px\"><strong>Poveznice s kvalitetom na sastavnicama<\/strong><\/p>\n<p>su_spacer size=&#8221;20&#8243;]\n<div class=\"su-table su-table-alternate\">\n<table style=\"height: 954px\" border=\"1\" width=\"1162\" align=\"center\">\n<tbody>\n<tr>\n<td style=\"text-align: right\" width=\"2%\">1.<\/td>\n<td width=\"42%\"><a href=\"http:\/\/www.efos.unios.hr\/\">Ekonomski fakultet<\/a><\/td>\n<td width=\"13%\"><a href=\"http:\/\/www.efos.unios.hr\/wp-content\/uploads\/2013\/05\/Pravilnik-o-ustroju-i-djelovanju-sustava-za-unaprjedenje-i-osiguranje-kvalitete.pdf\">Pravilnik<\/a><\/td>\n<td width=\"12%\"><a href=\"http:\/\/www.efos.unios.hr\/wp-content\/uploads\/2013\/05\/Priru%C4%8Dnik-za-osiguranje-i-unaprje%C4%91ivanje-kvalitete-na-EFOS.pdf\">Priru\u010dnik<\/a><\/td>\n<td width=\"13%\"><a href=\"http:\/\/www.efos.unios.hr\/wp-content\/uploads\/2013\/05\/Politika-kvalitete-EFOS.pdf\">Politika kvalitete<\/a><\/td>\n<td width=\"17%\"><a href=\"http:\/\/www.efos.unios.hr\/fakultet\/kvaliteta\/ured-za-kvalitetu\/\">Ured za kvalitetu<\/a><\/td>\n<\/tr>\n<tr>\n<td style=\"text-align: right\">2.<\/td>\n<td><a href=\"http:\/\/www.fazos.unios.hr\">Fakultet agrobiotehni\u010dkih znanosti Osijek<\/a><\/td>\n<td><a href=\"http:\/\/www.fazos.unios.hr\/osiguranje-kvalitete\">Pravilnik<\/a><\/td>\n<td><a href=\"http:\/\/www.fazos.unios.hr\/osiguranje-kvalitete\">Priru\u010dnik<\/a><\/td>\n<td><a href=\"http:\/\/www.fazos.unios.hr\/osiguranje-kvalitete\">Politika kvalitete<\/a><\/td>\n<td><a href=\"http:\/\/www.fazos.unios.hr\/ured-za-kvalitetu\">Ured za kvalitetu<\/a><\/td>\n<\/tr>\n<tr>\n<td style=\"text-align: right\">3.<\/td>\n<td><a href=\"http:\/\/www.fdmz.hr\/\">Fakultet dentalne medicine i zdravstva<\/a><\/td>\n<td><\/td>\n<td><a href=\"http:\/\/www.fdmz.hr\/images\/dokumenti\/kvaliteta\/Poslovnik_kvalitete.pdf\">Poslovnik<\/a><\/td>\n<td><a href=\"http:\/\/www.fdmz.hr\/images\/dokumenti\/kvaliteta\/Politika_kvalitete.pdf\">Politika kvalitete<\/a><\/td>\n<td><a href=\"https:\/\/www.fdmz.hr\/index.php\/hr\/ustroj\/ured-za-kvalitetu\">Ured za kvalitetu<\/a><\/td>\n<\/tr>\n<tr>\n<td style=\"text-align: right\">4.<\/td>\n<td><a href=\"https:\/\/www.ferit.unios.hr\/fakultet\/kvaliteta\/\">Fakultet elektrotehnike, ra\u010dunarstva i informacijskih tehnologija<\/a><\/td>\n<td><a href=\"https:\/\/www.ferit.unios.hr\/dokumenti\/fakultet\/kvaliteta\/Pravilnik%20o%20organizaciji%20sustava%20za%20osiguravanje%20kvalitete%20visokog%20obrazovanja%20na%20Fakultetu%20elektrotehnike,%20ra%C4%8Dunarstva%20i%20informacijskih%20tehnologija%20Osijek%20-%20pro%C4%8Di%C5%A1%C4%87eni%20tekst.pdf\">Pravilnik<\/a><\/td>\n<td><a href=\"https:\/\/www.ferit.unios.hr\/dokumenti\/fakultet\/kvaliteta\/Priru%C4%8Dnik%20za%20unaprje%C4%91enje%20i%20osiguranje%20kvalitet%20visokog%20obrazovanja%20%28lipanj%202016%29%20NOVO%20II.pdf\">Priru\u010dnik<\/a><\/td>\n<td><a href=\"https:\/\/www.ferit.unios.hr\/dokumenti\/fakultet\/kvaliteta\/Politika%20kvalitete.pdf\">Politika kvalitete<\/a><\/td>\n<td><a href=\"https:\/\/www.ferit.unios.hr\/fakultet\/kvaliteta\/#anc\">Ured za kvalitetu<\/a><\/td>\n<\/tr>\n<tr>\n<td style=\"text-align: right\">5.<\/td>\n<td><a href=\"https:\/\/www.mathos.unios.hr\/index.php\/\">Fakultet primijenjene matematike i informatike<\/a><\/td>\n<td><a href=\"https:\/\/www.mathos.unios.hr\/images\/homepages\/bgrasa\/Pravilnik_kvaliteta_visokog_obrazovanja_na_Odjelu_za_matematiku.pdf\">Pravilnik<\/a><\/td>\n<td><a href=\"https:\/\/www.mathos.unios.hr\/images\/homepages\/bgrasa\/Prirucnik_za_osiguravanje_kvalitete_Odjela_za_matematiku.pdf\">Priru\u010dnik<\/a><\/td>\n<td><a href=\"https:\/\/www.mathos.unios.hr\/images\/homepages\/msabo\/Politika_kvalitete.pdf\">Politika<\/a><\/td>\n<td><a href=\"https:\/\/www.mathos.unios.hr\/index.php\/odjel\/kvaliteta-u-visokom-obrazovanju\">Ured za kvalitetu<\/a><\/td>\n<\/tr>\n<tr>\n<td style=\"text-align: right\">6.<\/td>\n<td><a href=\"https:\/\/www.ftrr.hr\/index.php\/hr\/\">Fakultet turizma i ruralnog razvoja<\/a><\/td>\n<td><\/td>\n<td><\/td>\n<td><\/td>\n<td><\/td>\n<\/tr>\n<tr>\n<td style=\"text-align: right\">7.<\/td>\n<td><a href=\"https:\/\/www.foozos.hr\/\">Fakultet za odgojne i obrazovne znanosti<\/a><\/td>\n<td><a href=\"https:\/\/www.foozos.hr\/kvaliteta\/dokumenti\/na-institucionalnoj-razini\">Pravilnik<\/a><\/td>\n<td><a href=\"https:\/\/www.foozos.hr\/kvaliteta\/dokumenti\/na-institucionalnoj-razini\">Poslovnik<\/a><\/td>\n<td><a href=\"https:\/\/www.foozos.hr\/kvaliteta\/o-sustavu\/politika-kvalitete\">Politika kvalitete<\/a><\/td>\n<td><a href=\"https:\/\/www.foozos.hr\/kvaliteta\/ured-za-kvalitetu\/kontakt\">Ured za kvalitetu<\/a><\/td>\n<\/tr>\n<tr>\n<td style=\"text-align: right\">8.<\/td>\n<td><a href=\"https:\/\/www.ffos.unios.hr\">Filozofski fakultet<\/a><\/td>\n<td><a href=\"http:\/\/www.ffos.unios.hr\/sustav-za-kvalitetu\/dokumenti\">Pravilnik <\/a><\/td>\n<td><a href=\"http:\/\/www.ffos.unios.hr\/sustav-za-kvalitetu\/dokumenti\">Priru\u010dnik<\/a><\/td>\n<td><a href=\"https:\/\/www.ffos.unios.hr\/kvaliteta\/dokumenti\/\">Politika kvalitete<\/a><\/td>\n<td><a href=\"https:\/\/www.ffos.unios.hr\/kvaliteta\/ured-za-kvalitetu\/\">Ured za kvalitetu<\/a><\/td>\n<\/tr>\n<tr>\n<td style=\"text-align: right\">9.<\/td>\n<td><a href=\"http:\/\/www.gfos.unios.hr\/osiguravanje-kvalitete-opcenito\">Gra\u0111evinski i arhitektonski fakultet<\/a><\/td>\n<td><a href=\"http:\/\/www.gfos.unios.hr\/app\/storage\/protected\/pravilnik-o-organizaciji-sustava-kvalitete-visokog-obrazovanja-na-gfos.pdf\">Pravilnik<\/a><\/td>\n<td><a href=\"http:\/\/www.gfos.unios.hr\/app\/storage\/protected\/prirucnik-kvalitete-gfos.pdf\">Priru\u010dnik<\/a><\/td>\n<td><a href=\"http:\/\/www.gfos.unios.hr\/app\/storage\/protected\/politika-kvalitete-2019.pdf\">Politika kvalitete<\/a><\/td>\n<td><a href=\"http:\/\/www.gfos.unios.hr\/ured\">Ured za kvalitetu<\/a><\/td>\n<\/tr>\n<tr>\n<td style=\"text-align: right\">10.<\/td>\n<td><a href=\"http:\/\/www.djkbf.unios.hr\/hr\/\">Katoli\u010dki bogoslovni fakultet<\/a><\/td>\n<td><a href=\"http:\/\/www.djkbf.unios.hr\/docs\/kvaliteta\/Pravilnik-o-kvaliteti-procisceni-tekst_veljaca_2022.pdf\">Pravilnik<\/a><\/td>\n<td><a href=\"http:\/\/www.djkbf.unios.hr\/docs\/Prirucnik_KBF_2.0.pdf\">Priru\u010dnik<\/a><\/td>\n<td><a href=\"http:\/\/www.djkbf.unios.hr\/hr\/politika-kval\">Politika kvalitete<\/a><\/td>\n<td><a href=\"http:\/\/www.djkbf.unios.hr\/hr\/ured-kval\">Ured za kvalitetu<\/a><\/td>\n<\/tr>\n<tr>\n<td style=\"text-align: right\">11.<\/td>\n<td><a href=\"https:\/\/www.kifos.hr\">Kineziolo\u0161ki fakultet<\/a><\/td>\n<td><a href=\"https:\/\/www.kifos.hr\/wp-content\/uploads\/2022\/05\/Pravilnik-o-organizaciji-sustava-kvalitete-visokog-obrazovanja-na-Kinezioloskom-fakultetu-Osijek-procisceni-tekst.pdf\">Pravilnik<\/a><\/td>\n<td><a href=\"https:\/\/www.kifos.hr\/wp-content\/uploads\/2023\/01\/Prirucnik-za-kvalitetu.pdf\">Priru\u010dnik<\/a><\/td>\n<td><a href=\"https:\/\/www.kifos.hr\/wp-content\/uploads\/2023\/01\/Politika-kvalitete.pdf\">Politika kvalitete <\/a><\/td>\n<td><a href=\"https:\/\/www.kifos.hr\/kvaliteta\/korisni-sadrzaji\/\">Ured za kvalitetu<\/a><\/td>\n<\/tr>\n<tr>\n<td style=\"text-align: right\">12.<\/td>\n<td><a href=\"https:\/\/www.mefos.unios.hr\/index.php\/hr\/\">Medicinski fakultet<\/a><\/td>\n<td><a href=\"http:\/\/www.mefos.unios.hr\/images\/dokumenti\/fakultet\/pravilnik_o_organizaciji_sustava_kvalitete_visokog_obrazovanja_medicinskog_fakulteta_osijek.pdf\">Pravilnik<\/a><\/td>\n<td><a href=\"http:\/\/www.mefos.unios.hr\/images\/dokumenti\/fakultet\/prirunik-za-kvalitetu-mfo-lipanj-2022-.pdf\">Priru\u010dnik<\/a><\/td>\n<td><a href=\"https:\/\/www.mefos.unios.hr\/images\/dokumenti\/fakultet\/politika_kvalitete_2022.pdf\">Politika kvalitete<\/a><\/td>\n<td><a href=\"https:\/\/www.mefos.unios.hr\/index.php\/hr\/o-fakultetu\/sustav-kvalitete\">Ured za kvalitetu<\/a><\/td>\n<\/tr>\n<tr>\n<td style=\"text-align: right\">13.<\/td>\n<td><a href=\"https:\/\/www.pravos.unios.hr\/#\">Pravni fakultet<\/a><\/td>\n<td><a href=\"https:\/\/www.pravos.unios.hr\/wp-content\/plugins\/ciceroscope\/download.php?file=837\">Pravilnik<\/a><\/td>\n<td><a href=\"https:\/\/www.pravos.unios.hr\/wp-content\/plugins\/ciceroscope\/download.php?file=835\">Poslovnik<\/a><\/td>\n<td><a href=\"https:\/\/www.pravos.unios.hr\/wp-content\/plugins\/ciceroscope\/download.php?file=832\">Politika kvalitete<\/a><\/td>\n<td><a href=\"https:\/\/www.pravos.unios.hr\/ured-za-kvalitetu\/\">Ured za kvalitetu<\/a><\/td>\n<\/tr>\n<tr>\n<td style=\"text-align: right\">14.<\/td>\n<td><a href=\"http:\/\/www.ptfos.unios.hr\">Prehrambeno-tehnolo\u0161ki fakultet<\/a><\/td>\n<td><a href=\"http:\/\/www.ptfos.unios.hr\/images\/dokumenti\/sustav-kvalitete\/dokumenti\/\/pravilnik-o-organizaciji-sustava-kvalitete-visokog-obrazovanja.pdf\">Pravilnik<\/a><\/td>\n<td><a href=\"http:\/\/www.ptfos.unios.hr\/images\/dokumenti\/sustav-kvalitete\/dokumenti\/\/prirucnik_za_osiguranje_kvalitete_final_studeni_2012.pdf\">Priru\u010dnik<\/a><\/td>\n<td><a href=\"http:\/\/www.ptfos.unios.hr\/images\/dokumenti\/sustav-kvalitete\/Politika-kvalitete-Fakulteta.pdf\">Politika kvalitete<\/a><\/td>\n<td><a href=\"http:\/\/www.ptfos.unios.hr\/index.php\/kontakt-podaci-i-aktivnosti\">Ured za kvalitetu<\/a><\/td>\n<\/tr>\n<tr>\n<td style=\"text-align: right\">15.<\/td>\n<td><a href=\"http:\/\/www.uaos.unios.hr\">Akademija za umjetnost i kulturu<\/a><\/td>\n<td><a href=\"http:\/\/www.uaos.unios.hr\/osiguranje-kvalitete\/\">Pravilnik<\/a><\/td>\n<td><a href=\"http:\/\/www.uaos.unios.hr\/osiguranje-kvalitete\/\">Priru\u010dnik<\/a><\/td>\n<td><a href=\"http:\/\/www.uaos.unios.hr\/osiguranje-kvalitete\/\">Politika kvalitete<\/a><\/td>\n<td><a href=\"http:\/\/www.uaos.unios.hr\/osiguranje-kvalitete\/\">Ured za kvalitetu<\/a><\/td>\n<\/tr>\n<tr>\n<td style=\"text-align: right\">16.<\/td>\n<td><a href=\"https:\/\/www.biologija.unios.hr\">Odjel za biologiju<\/a><\/td>\n<td><a href=\"https:\/\/www.biologija.unios.hr\/wp-content\/uploads\/2022\/07\/PRAVILNIK-ODJELA-ZA-BIOLOGIJU-2022.pdf\">Pravilnik<\/a><\/td>\n<td><\/td>\n<td>\u00a0<a href=\"https:\/\/www.biologija.unios.hr\/wp-content\/uploads\/2022\/07\/1.politika-kvalitete-10102014.pdf\">Politika kvalitete<\/a><\/td>\n<td><a href=\"https:\/\/www.biologija.unios.hr\/povjerenstvo-za-osiguravanje-kvalitete\/\">Ured za kvalitetu<\/a><\/td>\n<\/tr>\n<tr>\n<td style=\"text-align: right\">17.<\/td>\n<td><a href=\"https:\/\/www.fizika.unios.hr\">Odjel za fiziku<\/a><\/td>\n<td><a href=\"https:\/\/www.fizika.unios.hr\/wp-content\/uploads\/2022\/03\/04_Pravilnik_kvaliteta.pdf\">Pravilnik<\/a><\/td>\n<td><a href=\"https:\/\/www.fizika.unios.hr\/wp-content\/uploads\/2022\/03\/PK_PRIRUCNIK-KVALITETE-ODJELA-ZA-FIZIKU-2014.pdf\">Priru\u010dnik<\/a><\/td>\n<td>\u00a0<a href=\"http:\/\/www.fizika.unios.hr\/kvaliteta\/wp-content\/uploads\/sites\/3\/2011\/11\/POLITIKA-KVALITETE_s-klasomo-i-potpisom-i-%C5%BEigom-za-web-stranicu.pdf\">Politika kvalitete<\/a><\/td>\n<td><a href=\"https:\/\/www.fizika.unios.hr\/kvaliteta\/\">Ured za kvalitetu<\/a><\/td>\n<\/tr>\n<tr>\n<td style=\"text-align: right\">18.<\/td>\n<td><a href=\"http:\/\/web.kemija.unios.hr\">Odjel za kemiju<\/a><\/td>\n<td><a href=\"http:\/\/www.kemija.unios.hr\/wp-content\/uploads\/2015\/04\/pravilnik-osiguranje-kvalitete.pdf\">Pravilnik<\/a><\/td>\n<td><\/td>\n<td>\u00a0<a href=\"http:\/\/www.kemija.unios.hr\/odjel\/kvaliteta\/politika-kvalitete\/\">Politika kvalitete<\/a><\/td>\n<td><a href=\"http:\/\/www.kemija.unios.hr\/odjel\/kvaliteta\/opcenito\/\">Ured za kvalitetu<\/a><\/td>\n<\/tr>\n<\/tbody>\n<\/table>\n<\/div>\n<p style=\"text-align: center;font-size: 14px\">Ostale sastavnice<\/p>\n<div class=\"su-table su-table-alternate\">\n<table border=\"1\" align=\"center\">\n<tbody>\n<tr>\n<td style=\"text-align: right\" width=\"6%\">1.<\/td>\n<td width=\"32%\"><a href=\"http:\/\/www.gskos.unios.hr\/\">Gradska i sveu\u010dili\u0161na knji\u017enica<\/a><\/td>\n<td width=\"13%\"><a href=\"http:\/\/www.gskos.unios.hr\/?upit=sadrzaj&amp;id=81\">Dokumenti<\/a><\/td>\n<td width=\"12%\">\u00a0<a href=\"http:\/\/www.gskos.unios.hr\/?upit=sadrzaj&amp;id=79\">Misija<\/a><\/td>\n<td width=\"20%\">\u00a0<a href=\"http:\/\/www.gskos.unios.hr\/?upit=sadrzaj&amp;id=50\">Upis<\/a><\/td>\n<td width=\"17%\">\u00a0<a href=\"http:\/\/www.gskos.unios.hr\/?upit=sadrzaj&amp;id=59\">Usluge<\/a><\/td>\n<\/tr>\n<tr>\n<td style=\"text-align: right\">2.<\/td>\n<td><a href=\"http:\/\/www.stucos.unios.hr\/\">Studentski centar Osijek<\/a><\/td>\n<td><a href=\"http:\/\/www.stucos.unios.hr\/?page_id=622\">Studentski servis<\/a><\/td>\n<td><a href=\"http:\/\/www.stucos.unios.hr\/?page_id=84\">Smje\u0161taj studenata<\/a><\/td>\n<td><a href=\"http:\/\/www.stucos.unios.hr\/?page_id=81\">Prehrana studenata<\/a><\/td>\n<td><a href=\"http:\/\/www.stucos.unios.hr\/?page_id=103\">Pristup informacijama<\/a><\/td>\n<\/tr>\n<tr>\n<td style=\"text-align: right\">3.<\/td>\n<td><a href=\"http:\/\/www.tera.unios.hr\/\">Tera Tehnopolis d.o.o.<\/a><\/td>\n<td><a href=\"http:\/\/www.tera.unios.hr\/index.php?option=com_content&amp;view=article&amp;id=196&amp;Itemid=47\">Publikacije<\/a><\/td>\n<td>\u00a0<a href=\"http:\/\/www.tera.unios.hr\/index.php?option=com_content&amp;view=article&amp;id=105&amp;Itemid=39\">Projekti<\/a><\/td>\n<td><a href=\"http:\/\/www.tera.unios.hr\/index.php?option=com_content&amp;view=article&amp;id=1&amp;Itemid=2\">Poduzetni\u0161tvo<\/a><\/td>\n<td><a href=\"http:\/\/www.tera.unios.hr\/index.php?option=com_content&amp;view=article&amp;id=6&amp;Itemid=7\">Savjetovanje<\/a><\/td>\n<\/tr>\n<\/tbody>\n<\/table>\n<\/div>\n","protected":false},"excerpt":{"rendered":"<p>Prema Pravilniku o ustroju i djelovanju sustava za osiguranje kvalitete na Sveu\u010dili\u0161tu Josipa Jurja Strossmayera u Osijeku ustrojbena jedinica sustava osiguranja kvalitete na sastavnici je ured za osiguravanje i unaprje\u0111ivanje kvalitete, a stru\u010dno tijelo je povjerenstvo za osiguravanje i unaprje\u0111ivanje kvalitete visokog obrazovanja. Poveznice s kvalitetom na sastavnicama su_spacer size=&#8221;20&#8243;] Ostale sastavnice<\/p>\n","protected":false},"author":9,"featured_media":873,"parent":19,"menu_order":30,"comment_status":"closed","ping_status":"closed","template":"","meta":{"_monsterinsights_skip_tracking":false,"_monsterinsights_sitenote_active":false,"_monsterinsights_sitenote_note":"","_monsterinsights_sitenote_category":0,"ngg_post_thumbnail":0,"footnotes":"","_links_to":"","_links_to_target":""},"coauthors":[95],"class_list":["post-56","page","type-page","status-publish","has-post-thumbnail","hentry"],"publishpress_future_action":{"enabled":false,"date":"2026-05-01 22:38:56","action":"change-status","newStatus":"draft","terms":[],"taxonomy":"avhec_catgroup","extraData":[]},"publishpress_future_workflow_manual_trigger":{"enabledWorkflows":[]},"_links":{"self":[{"href":"https:\/\/www.unios.hr\/kvaliteta\/wp-json\/wp\/v2\/pages\/56","targetHints":{"allow":["GET"]}}],"collection":[{"href":"https:\/\/www.unios.hr\/kvaliteta\/wp-json\/wp\/v2\/pages"}],"about":[{"href":"https:\/\/www.unios.hr\/kvaliteta\/wp-json\/wp\/v2\/types\/page"}],"author":[{"embeddable":true,"href":"https:\/\/www.unios.hr\/kvaliteta\/wp-json\/wp\/v2\/users\/9"}],"replies":[{"embeddable":true,"href":"https:\/\/www.unios.hr\/kvaliteta\/wp-json\/wp\/v2\/comments?post=56"}],"version-history":[{"count":4,"href":"https:\/\/www.unios.hr\/kvaliteta\/wp-json\/wp\/v2\/pages\/56\/revisions"}],"predecessor-version":[{"id":7564,"href":"https:\/\/www.unios.hr\/kvaliteta\/wp-json\/wp\/v2\/pages\/56\/revisions\/7564"}],"up":[{"embeddable":true,"href":"https:\/\/www.unios.hr\/kvaliteta\/wp-json\/wp\/v2\/pages\/19"}],"wp:featuredmedia":[{"embeddable":true,"href":"https:\/\/www.unios.hr\/kvaliteta\/wp-json\/wp\/v2\/media\/873"}],"wp:attachment":[{"href":"https:\/\/www.unios.hr\/kvaliteta\/wp-json\/wp\/v2\/media?parent=56"}],"wp:term":[{"taxonomy":"author","embeddable":true,"href":"https:\/\/www.unios.hr\/kvaliteta\/wp-json\/wp\/v2\/coauthors?post=56"}],"curies":[{"name":"wp","href":"https:\/\/api.w.org\/{rel}","templated":true}]}}