{"id":62,"date":"2015-09-22T21:22:23","date_gmt":"2015-09-22T19:22:23","guid":{"rendered":"http:\/\/demo.unios.hr\/kvaliteta\/?page_id=62"},"modified":"2026-04-17T10:52:29","modified_gmt":"2026-04-17T08:52:29","slug":"povjerenstva","status":"publish","type":"page","link":"https:\/\/www.unios.hr\/kvaliteta\/sustav-kvalitete\/kvaliteta-na-sastavnicama\/povjerenstva\/","title":{"rendered":"Povjerenstva"},"content":{"rendered":"<h4><strong>Povjerenstva za kvalitetu sastavnica Sveu\u010dili\u0161ta<\/strong><\/h4>\n<div class=\"su-spacer\" style=\"height:10px\"><\/div>\n<p style=\"text-align: justify\">Sastav i nadle\u017enost povjerenstava definirani su Pravilnikom o ustroju i djelovanju sustava za osiguranje kvalitete na Sveu\u010dili\u0161tu Josipa Jurja Strossmayera u Osijeku. Ustroj i na\u010din rada povjerenstva odre\u0111uju se statutom sastavnice. Povjerenstva izra\u0111uju godi\u0161nji plan aktivnosti o svom radu, a jednom godi\u0161nje podnose Izvje\u0161\u0107e sastavnice o funkcioniranju i u\u010dinkovitosti sustava upravljanja kvalitetom fakultetskom vije\u0107u, odnosno Vije\u0107u Akademije te, nakon prihva\u0107anja izvje\u0161\u0107a, Uredu za osiguravanje i unaprje\u0111ivanje kvalitete u Sveu\u010dili\u0161nom Centru za kvalitetu.<\/p>\n<div class=\"su-spacer\" style=\"height:20px\"><\/div>\n<h4><strong>Predsjednici povjerenstava<\/strong><\/h4>\n<div class=\"su-spacer\" style=\"height:10px\"><\/div>\n<div class=\"su-list su-list-13\" style=\"margin-left:0px\">\n<ul>\n<li><i class=\"sui sui-arrow-right\" style=\"color:#36577f\"><\/i> Ekonomski fakultet &#8211; <a href=\"mailto:davorin.turkalj@efos.hr\">Prof. dr. sc. Davorin Turkalj<\/a><\/li>\n<li><i class=\"sui sui-arrow-right\" style=\"color:#36577f\"><\/i> Fakultet agrobiotehni\u010dkih znanosti Osijek &#8211; <a href=\"mailto:vrastija@fazos.hr\">Prof. dr. sc. Vesna Rastija<\/a><\/li>\n<li><i class=\"sui sui-arrow-right\" style=\"color:#36577f\"><\/i> Fakultet za dentalnu medicinu i zdravstvo &#8211; <a href=\"mailto:jvujanic@fdmz.hr\">Dr. sc. Jasenka Vujani\u0107<\/a><\/li>\n<li><i class=\"sui sui-arrow-right\" style=\"color:#36577f\"><\/i> Fakultet elektrotehnike, ra\u010dunarstva i informacijskih tehnologija &#8211; <a href=\"mailto:tomislav.rudec@etfos.hr\">Doc. dr. sc. Tomislav\u00a0Rudec<\/a><\/li>\n<li><i class=\"sui sui-arrow-right\" style=\"color:#36577f\"><\/i> Fakultet primijenjene matematike i informatike &#8211; <a href=\"mailto:djankov@mathos.hr\">Prof. dr. sc. Dragana Jankov Ma\u0161irevi\u0107<\/a><\/li>\n<li><i class=\"sui sui-arrow-right\" style=\"color:#36577f\"><\/i> Fakultet turizma i ruralnog razvoja &#8211;<a href=\"mailto:vbudimir@ftrr.hr\">Doc. dr. sc. Verica Budimir<\/a><\/li>\n<li><i class=\"sui sui-arrow-right\" style=\"color:#36577f\"><\/i> Fakultet za odgojne i obrazovne znanosti \u2013 <a href=\"mailto:vzivkovic@foozos.hr\">Doc. dr. sc. Vedrana \u017divkovi\u0107 Zebec<\/a><\/li>\n<li><i class=\"sui sui-arrow-right\" style=\"color:#36577f\"><\/i> Filozofski fakultet &#8211; <a href=\"mailto:iperkusic@ffos.hr\">Doc. dr. sc. Ivana Perku\u0161i\u0107<\/a><\/li>\n<li><i class=\"sui sui-arrow-right\" style=\"color:#36577f\"><\/i> Gra\u0111evinski i arhitektonski fakultet &#8211; <a href=\"mailto:isandrknukic@grafos.hr\">Izv. prof. Ivana \u0160andrk Nuki\u0107<\/a><\/li>\n<li><i class=\"sui sui-arrow-right\" style=\"color:#36577f\"><\/i> Katoli\u010dki bogoslovni fakultet \u2013 <a href=\"mailto:fuzinatosilvana@gmail.com\">Izv. prof. dr. sc. Silvana Fu\u017einato<\/a><\/li>\n<li><i class=\"sui sui-arrow-right\" style=\"color:#36577f\"><\/i> Kineziolo\u0161ki fakultet \u2013 <a href=\"mailto:dkuna@kifos.hr\">Doc. dr. sc. Danijela Kuna<\/a><\/li>\n<li><i class=\"sui sui-arrow-right\" style=\"color:#36577f\"><\/i> Medicinski fakultet \u2013 <a href=\"mailto:antonio.kokot@mefos.hr\">Doc. dr. sc. Antonio Kokot<\/a><\/li>\n<li><i class=\"sui sui-arrow-right\" style=\"color:#36577f\"><\/i> Pravni fakultet \u2013 <a href=\"mailto:pporetti@pravos.hr\">Izv. prof. dr. sc. Paula Poretti<\/a><\/li>\n<li><i class=\"sui sui-arrow-right\" style=\"color:#36577f\"><\/i> Prehrambeno-tehnolo\u0161ki fakultet \u2013 <a href=\"mailto:maja.molnar@ptfos.hr\">Izv. prof. dr. sc. Maja Molnar<\/a><\/li>\n<li><i class=\"sui sui-arrow-right\" style=\"color:#36577f\"><\/i> Akademija za umjetnost i kulturu \u2013 <a href=\"mailto:jsulenticbegic@aukos.hr\">Izv. prof. art. dr. sc. Jasna \u0160ulenti\u0107 Begi\u0107<\/a><\/li>\n<li><i class=\"sui sui-arrow-right\" style=\"color:#36577f\"><\/i> Odjel za biologiju \u2013 <a href=\"mailto:zkatanic@biologija.unios.hr\">Doc. dr. sc. Zorana Katani\u0107<\/a><\/li>\n<li><i class=\"sui sui-arrow-right\" style=\"color:#36577f\"><\/i> Odjel za fiziku \u2013 <a href=\"mailto:mmustapic@fizika.unios.hr\">Prof. dr. sc. Mislav Mustapi\u0107<\/a><\/li>\n<li><i class=\"sui sui-arrow-right\" style=\"color:#36577f\"><\/i> Odjel za kemiju \u2013 <a href=\"mailto:msgajdosik@kemija.unios.hr\">Izv. prof. dr. sc. Martina \u0160rajer Gajdo\u0161ik<\/a><\/li>\n<\/ul>\n<\/div>\n","protected":false},"excerpt":{"rendered":"<p>Povjerenstva za kvalitetu sastavnica Sveu\u010dili\u0161ta Sastav i nadle\u017enost povjerenstava definirani su Pravilnikom o ustroju i djelovanju sustava za osiguranje kvalitete na Sveu\u010dili\u0161tu Josipa Jurja Strossmayera u Osijeku. Ustroj i na\u010din rada povjerenstva odre\u0111uju se statutom sastavnice. Povjerenstva izra\u0111uju godi\u0161nji plan aktivnosti o svom radu, a jednom godi\u0161nje podnose Izvje\u0161\u0107e sastavnice o funkcioniranju i u\u010dinkovitosti sustava upravljanja kvalitetom fakultetskom vije\u0107u, odnosno Vije\u0107u Akademije te, nakon prihva\u0107anja izvje\u0161\u0107a, Uredu za osiguravanje i unaprje\u0111ivanje kvalitete u Sveu\u010dili\u0161nom Centru za kvalitetu. Predsjednici povjerenstava<\/p>\n","protected":false},"author":9,"featured_media":873,"parent":56,"menu_order":10,"comment_status":"closed","ping_status":"closed","template":"","meta":{"_monsterinsights_skip_tracking":false,"_monsterinsights_sitenote_active":false,"_monsterinsights_sitenote_note":"","_monsterinsights_sitenote_category":0,"ngg_post_thumbnail":0,"footnotes":"","_links_to":"","_links_to_target":""},"coauthors":[95],"class_list":["post-62","page","type-page","status-publish","has-post-thumbnail","hentry"],"publishpress_future_action":{"enabled":false,"date":"2026-04-26 22:43:42","action":"change-status","newStatus":"draft","terms":[],"taxonomy":"avhec_catgroup","extraData":[]},"publishpress_future_workflow_manual_trigger":{"enabledWorkflows":[]},"_links":{"self":[{"href":"https:\/\/www.unios.hr\/kvaliteta\/wp-json\/wp\/v2\/pages\/62","targetHints":{"allow":["GET"]}}],"collection":[{"href":"https:\/\/www.unios.hr\/kvaliteta\/wp-json\/wp\/v2\/pages"}],"about":[{"href":"https:\/\/www.unios.hr\/kvaliteta\/wp-json\/wp\/v2\/types\/page"}],"author":[{"embeddable":true,"href":"https:\/\/www.unios.hr\/kvaliteta\/wp-json\/wp\/v2\/users\/9"}],"replies":[{"embeddable":true,"href":"https:\/\/www.unios.hr\/kvaliteta\/wp-json\/wp\/v2\/comments?post=62"}],"version-history":[{"count":5,"href":"https:\/\/www.unios.hr\/kvaliteta\/wp-json\/wp\/v2\/pages\/62\/revisions"}],"predecessor-version":[{"id":7563,"href":"https:\/\/www.unios.hr\/kvaliteta\/wp-json\/wp\/v2\/pages\/62\/revisions\/7563"}],"up":[{"embeddable":true,"href":"https:\/\/www.unios.hr\/kvaliteta\/wp-json\/wp\/v2\/pages\/56"}],"wp:featuredmedia":[{"embeddable":true,"href":"https:\/\/www.unios.hr\/kvaliteta\/wp-json\/wp\/v2\/media\/873"}],"wp:attachment":[{"href":"https:\/\/www.unios.hr\/kvaliteta\/wp-json\/wp\/v2\/media?parent=62"}],"wp:term":[{"taxonomy":"author","embeddable":true,"href":"https:\/\/www.unios.hr\/kvaliteta\/wp-json\/wp\/v2\/coauthors?post=62"}],"curies":[{"name":"wp","href":"https:\/\/api.w.org\/{rel}","templated":true}]}}