{"id":71,"date":"2015-09-22T21:28:09","date_gmt":"2015-09-22T19:28:09","guid":{"rendered":"http:\/\/demo.unios.hr\/kvaliteta\/?page_id=71"},"modified":"2024-01-24T12:11:01","modified_gmt":"2024-01-24T11:11:01","slug":"profesionalno-savjetovanje","status":"publish","type":"page","link":"https:\/\/www.unios.hr\/kvaliteta\/djelatnosti\/profesionalno-savjetovanje\/","title":{"rendered":"Profesionalno savjetovanje"},"content":{"rendered":"<div class=\"fusion-fullwidth fullwidth-box nonhundred-percent-fullwidth non-hundred-percent-height-scrolling\"  style='background-color: rgba(255,255,255,0);background-position: center center;background-repeat: no-repeat;padding-top:0px;padding-right:0px;padding-bottom:0px;padding-left:0px;border-top-width:6px;border-bottom-width:6px;border-color:#67c100;border-top-style:solid;border-bottom-style:solid;'><div class=\"fusion-builder-row fusion-row \"><div  class=\"fusion-layout-column fusion_builder_column fusion_builder_column_1_1  fusion-one-full fusion-column-first fusion-column-last 1_1\"  style='margin-top:0px;margin-bottom:0px;'>\n\t\t\t\t\t<div class=\"fusion-column-wrapper\" style=\"padding: 0px 0px 0px 0px;background-position:left top;background-repeat:no-repeat;-webkit-background-size:cover;-moz-background-size:cover;-o-background-size:cover;background-size:cover;\"   data-bg-url=\"\">\n\t\t\t\t\t\t<div class=\"fusion-text\"><h4><strong>Osnivanje Slu\u017ebe za profesionalno savjetovanje studenata<\/strong><\/h4>\n<div class=\"su-spacer\" style=\"height:10px\"><\/div>\n<p style=\"text-align: justify\">U sklopu projektnih aktivnosti Tempus JEP projekta &#8220;<strong><em>ECAS \u2013 Ustrojavanje Slu\u017ebe za profesionalno savjetovanje studenata na hrvatskim sveu\u010dili\u0161tima<\/em><\/strong>&#8220;, 20. travnja 2009. godine otvorena je Slu\u017eba za profesionalno savjetovanje studenata (<em>Career Advising Service<\/em>) koja djeluje u sklopu Centra za kvalitetu.<\/p>\n<p style=\"text-align: justify\">Profesionalno savjetovanje studenata dodatna je usluga i pomo\u0107 studentima kao klju\u010dnim \u010dimbenicima obrazovnog sustava, a sve u cilju ja\u010danja konkurentnosti Sveu\u010dili\u0161ta Josipa Jurja Strossmayera u Osijeku na hrvatskom i europskom prostoru visokog obrazovanja.<\/p>\n<p style=\"text-align: justify\">Slu\u017eba je usmjerena na studente zavr\u0161nih godina preddiplomskih i diplomskih studija, ali i na studente ostalih godina koji se \u017eele na vrijeme pripremiti za konkurentan nastup na tr\u017ei\u0161tu rada.<\/p>\n<div class=\"su-spacer\" style=\"height:20px\"><\/div>\n<h4><strong>Aktivnosti slu\u017ebe<\/strong><\/h4>\n<div class=\"su-spacer\" style=\"height:10px\"><\/div>\n<p style=\"text-align: justify\">Slu\u017eba za profesionalno savjetovanje studenata priprema studente za tr\u017ei\u0161te rada organiziranjem grupnih savjetovanja (radionice <em>&#8220;Pisanje \u017eivotopisa i popratnog pisma&#8221;, &#8220;Upravljanje vremenom&#8221;, &#8220;Akademski bonton&#8221;, &#8220;Prezentacijske vje\u0161tine&#8221;, &#8220;Pisanje zavr\u0161nog rada&#8221; <\/em>i <em>&#8220;Razgovor s poslodavcem&#8221;<\/em>) i pru\u017eanjem usluga individualnog profesionalnog savjetovanja na kojem sa savjetnicom studenti mogu razgovarati o\u00a0pitanjima vezanim za razvitak njihove budu\u0107e karijere i uspje\u0161an nastup na tr\u017ei\u0161tu rada.<\/p>\n<\/div><div class=\"fusion-clearfix\"><\/div>\n\n\t\t\t\t\t<\/div>\n\t\t\t\t<\/div><\/div><\/div><div class=\"fusion-fullwidth fullwidth-box nonhundred-percent-fullwidth non-hundred-percent-height-scrolling\"  style='background-color: rgba(255,255,255,0);background-position: center center;background-repeat: no-repeat;padding-top:0px;padding-right:0px;padding-bottom:0px;padding-left:0px;'><div class=\"fusion-builder-row fusion-row \"><div  class=\"fusion-layout-column fusion_builder_column fusion_builder_column_1_1  fusion-one-full fusion-column-first fusion-column-last 1_1\"  style='margin-top:0px;margin-bottom:20px;'>\n\t\t\t\t\t<div class=\"fusion-column-wrapper\" style=\"padding: 0px 0px 0px 0px;background-position:left top;background-repeat:no-repeat;-webkit-background-size:cover;-moz-background-size:cover;-o-background-size:cover;background-size:cover;\"   data-bg-url=\"\">\n\t\t\t\t\t\t<style type=\"text\/css\" scoped=\"scoped\">.fusion-gallery-1 .fusion-gallery-image {border:6px solid #01167f;}<\/style><div class=\"fusion-gallery fusion-gallery-container fusion-grid-3 fusion-columns-total-0 fusion-gallery-layout-grid fusion-gallery-1\" style=\"margin:-5px;\"><div style=\"padding:5px;\" class=\"fusion-grid-column fusion-gallery-column fusion-gallery-column-3 hover-type-none\"><div class=\"fusion-gallery-image\"><a href=\"https:\/\/www.unios.hr\/kvaliteta\/wp-content\/uploads\/sites\/2\/2024\/01\/IMG-eb70c09bb8461b1cdeb9b1be270df755-V.jpg\" data-rel=\"iLightbox[gallery_image_1]\" class=\"fusion-lightbox\" target=\"_self\"><img loading=\"lazy\" decoding=\"async\" src=\"https:\/\/www.unios.hr\/kvaliteta\/wp-content\/uploads\/sites\/2\/2024\/01\/IMG-eb70c09bb8461b1cdeb9b1be270df755-V.jpg\" width=\"1600\" height=\"1200\" alt=\"\" title=\"IMG-eb70c09bb8461b1cdeb9b1be270df755-V\" aria-label=\"IMG-eb70c09bb8461b1cdeb9b1be270df755-V\" class=\"img-responsive wp-image-6750\" srcset=\"https:\/\/www.unios.hr\/kvaliteta\/wp-content\/uploads\/sites\/2\/2024\/01\/IMG-eb70c09bb8461b1cdeb9b1be270df755-V-200x150.jpg 200w, https:\/\/www.unios.hr\/kvaliteta\/wp-content\/uploads\/sites\/2\/2024\/01\/IMG-eb70c09bb8461b1cdeb9b1be270df755-V-400x300.jpg 400w, https:\/\/www.unios.hr\/kvaliteta\/wp-content\/uploads\/sites\/2\/2024\/01\/IMG-eb70c09bb8461b1cdeb9b1be270df755-V-600x450.jpg 600w, https:\/\/www.unios.hr\/kvaliteta\/wp-content\/uploads\/sites\/2\/2024\/01\/IMG-eb70c09bb8461b1cdeb9b1be270df755-V-800x600.jpg 800w, https:\/\/www.unios.hr\/kvaliteta\/wp-content\/uploads\/sites\/2\/2024\/01\/IMG-eb70c09bb8461b1cdeb9b1be270df755-V-1200x900.jpg 1200w, https:\/\/www.unios.hr\/kvaliteta\/wp-content\/uploads\/sites\/2\/2024\/01\/IMG-eb70c09bb8461b1cdeb9b1be270df755-V.jpg 1600w\" sizes=\"auto, (min-width: 2200px) 100vw, (min-width: 824px) 423px, (min-width: 732px) 635px, (min-width: 640px) 732px, \" \/><\/a><\/div><\/div><div style=\"padding:5px;\" class=\"fusion-grid-column fusion-gallery-column fusion-gallery-column-3 hover-type-none\"><div class=\"fusion-gallery-image\"><a href=\"https:\/\/www.unios.hr\/kvaliteta\/wp-content\/uploads\/sites\/2\/2024\/01\/Radionica-zavr-rad-Holj-1.jpg\" data-rel=\"iLightbox[gallery_image_1]\" class=\"fusion-lightbox\" target=\"_self\"><img loading=\"lazy\" decoding=\"async\" src=\"https:\/\/www.unios.hr\/kvaliteta\/wp-content\/uploads\/sites\/2\/2024\/01\/Radionica-zavr-rad-Holj-1.jpg\" width=\"500\" height=\"210\" alt=\"\" title=\"Radionica zavr rad Holj\" aria-label=\"Radionica zavr rad Holj\" class=\"img-responsive wp-image-6752\" srcset=\"https:\/\/www.unios.hr\/kvaliteta\/wp-content\/uploads\/sites\/2\/2024\/01\/Radionica-zavr-rad-Holj-1-200x84.jpg 200w, https:\/\/www.unios.hr\/kvaliteta\/wp-content\/uploads\/sites\/2\/2024\/01\/Radionica-zavr-rad-Holj-1-400x168.jpg 400w, https:\/\/www.unios.hr\/kvaliteta\/wp-content\/uploads\/sites\/2\/2024\/01\/Radionica-zavr-rad-Holj-1.jpg 500w\" sizes=\"auto, (min-width: 2200px) 100vw, (min-width: 824px) 423px, (min-width: 732px) 635px, (min-width: 640px) 732px, \" \/><\/a><\/div><\/div><div style=\"padding:5px;\" class=\"fusion-grid-column fusion-gallery-column fusion-gallery-column-3 hover-type-none\"><div class=\"fusion-gallery-image\"><a href=\"https:\/\/www.unios.hr\/kvaliteta\/wp-content\/uploads\/sites\/2\/2024\/01\/Vica-GFOS-1.jpg\" data-rel=\"iLightbox[gallery_image_1]\" class=\"fusion-lightbox\" target=\"_self\"><img loading=\"lazy\" decoding=\"async\" src=\"https:\/\/www.unios.hr\/kvaliteta\/wp-content\/uploads\/sites\/2\/2024\/01\/Vica-GFOS-1.jpg\" width=\"400\" height=\"300\" alt=\"\" title=\"Vica GFOS 1\" aria-label=\"Vica GFOS 1\" class=\"img-responsive wp-image-6754\" srcset=\"https:\/\/www.unios.hr\/kvaliteta\/wp-content\/uploads\/sites\/2\/2024\/01\/Vica-GFOS-1-200x150.jpg 200w, https:\/\/www.unios.hr\/kvaliteta\/wp-content\/uploads\/sites\/2\/2024\/01\/Vica-GFOS-1.jpg 400w\" sizes=\"auto, (min-width: 2200px) 100vw, (min-width: 824px) 423px, (min-width: 732px) 635px, (min-width: 640px) 732px, \" \/><\/a><\/div><\/div><div class=\"clearfix\"><\/div><div style=\"padding:5px;\" class=\"fusion-grid-column fusion-gallery-column fusion-gallery-column-3 hover-type-none\"><div class=\"fusion-gallery-image\"><a href=\"https:\/\/www.unios.hr\/kvaliteta\/wp-content\/uploads\/sites\/2\/2016\/12\/image-0-02-05-3028d9a6a4bd1ed83f4b6acbf9b47f152d14346c0ca8cf798b2c7d4a7cf1f065-V.jpg\" data-rel=\"iLightbox[gallery_image_1]\" class=\"fusion-lightbox\" target=\"_self\"><img loading=\"lazy\" decoding=\"async\" src=\"https:\/\/www.unios.hr\/kvaliteta\/wp-content\/uploads\/sites\/2\/2016\/12\/image-0-02-05-3028d9a6a4bd1ed83f4b6acbf9b47f152d14346c0ca8cf798b2c7d4a7cf1f065-V.jpg\" width=\"1280\" height=\"720\" alt=\"\" title=\"image-0-02-05-3028d9a6a4bd1ed83f4b6acbf9b47f152d14346c0ca8cf798b2c7d4a7cf1f065-V\" aria-label=\"image-0-02-05-3028d9a6a4bd1ed83f4b6acbf9b47f152d14346c0ca8cf798b2c7d4a7cf1f065-V\" class=\"img-responsive wp-image-2254\" srcset=\"https:\/\/www.unios.hr\/kvaliteta\/wp-content\/uploads\/sites\/2\/2016\/12\/image-0-02-05-3028d9a6a4bd1ed83f4b6acbf9b47f152d14346c0ca8cf798b2c7d4a7cf1f065-V-255x143.jpg 255w, https:\/\/www.unios.hr\/kvaliteta\/wp-content\/uploads\/sites\/2\/2016\/12\/image-0-02-05-3028d9a6a4bd1ed83f4b6acbf9b47f152d14346c0ca8cf798b2c7d4a7cf1f065-V-300x169.jpg 300w, https:\/\/www.unios.hr\/kvaliteta\/wp-content\/uploads\/sites\/2\/2016\/12\/image-0-02-05-3028d9a6a4bd1ed83f4b6acbf9b47f152d14346c0ca8cf798b2c7d4a7cf1f065-V-1024x576.jpg 1024w, https:\/\/www.unios.hr\/kvaliteta\/wp-content\/uploads\/sites\/2\/2016\/12\/image-0-02-05-3028d9a6a4bd1ed83f4b6acbf9b47f152d14346c0ca8cf798b2c7d4a7cf1f065-V.jpg 1280w\" sizes=\"auto, (max-width: 1280px) 100vw, 1280px\" \/><\/a><\/div><\/div><div style=\"padding:5px;\" class=\"fusion-grid-column fusion-gallery-column fusion-gallery-column-3 hover-type-none\"><div class=\"fusion-gallery-image\"><a href=\"https:\/\/www.unios.hr\/kvaliteta\/wp-content\/uploads\/sites\/2\/2017\/02\/pisanje-zivotopisa17.jpg\" data-rel=\"iLightbox[gallery_image_1]\" class=\"fusion-lightbox\" target=\"_self\"><img loading=\"lazy\" decoding=\"async\" src=\"https:\/\/www.unios.hr\/kvaliteta\/wp-content\/uploads\/sites\/2\/2017\/02\/pisanje-zivotopisa17.jpg\" width=\"1166\" height=\"872\" alt=\"\" title=\"pisanje zivotopisa17\" aria-label=\"pisanje zivotopisa17\" class=\"img-responsive wp-image-2365\" srcset=\"https:\/\/www.unios.hr\/kvaliteta\/wp-content\/uploads\/sites\/2\/2017\/02\/pisanje-zivotopisa17-255x191.jpg 255w, https:\/\/www.unios.hr\/kvaliteta\/wp-content\/uploads\/sites\/2\/2017\/02\/pisanje-zivotopisa17-300x224.jpg 300w, https:\/\/www.unios.hr\/kvaliteta\/wp-content\/uploads\/sites\/2\/2017\/02\/pisanje-zivotopisa17-1024x766.jpg 1024w, https:\/\/www.unios.hr\/kvaliteta\/wp-content\/uploads\/sites\/2\/2017\/02\/pisanje-zivotopisa17.jpg 1166w\" sizes=\"auto, (max-width: 1166px) 100vw, 1166px\" \/><\/a><\/div><\/div><div style=\"padding:5px;\" class=\"fusion-grid-column fusion-gallery-column fusion-gallery-column-3 hover-type-none\"><div class=\"fusion-gallery-image\"><a href=\"https:\/\/www.unios.hr\/kvaliteta\/wp-content\/uploads\/sites\/2\/2018\/06\/radVis2.jpg\" data-rel=\"iLightbox[gallery_image_1]\" class=\"fusion-lightbox\" target=\"_self\"><img loading=\"lazy\" decoding=\"async\" src=\"https:\/\/www.unios.hr\/kvaliteta\/wp-content\/uploads\/sites\/2\/2018\/06\/radVis2.jpg\" width=\"375\" height=\"500\" alt=\"\" title=\"radVis2\" aria-label=\"radVis2\" class=\"img-responsive wp-image-3281\" srcset=\"https:\/\/www.unios.hr\/kvaliteta\/wp-content\/uploads\/sites\/2\/2018\/06\/radVis2-225x300.jpg 225w, https:\/\/www.unios.hr\/kvaliteta\/wp-content\/uploads\/sites\/2\/2018\/06\/radVis2-255x340.jpg 255w, https:\/\/www.unios.hr\/kvaliteta\/wp-content\/uploads\/sites\/2\/2018\/06\/radVis2.jpg 375w\" sizes=\"auto, (max-width: 375px) 100vw, 375px\" \/><\/a><\/div><\/div><div class=\"clearfix\"><\/div><div style=\"padding:5px;\" class=\"fusion-grid-column fusion-gallery-column fusion-gallery-column-3 hover-type-none\"><div class=\"fusion-gallery-image\"><a href=\"https:\/\/www.unios.hr\/kvaliteta\/wp-content\/uploads\/sites\/2\/2018\/11\/514445.jpg\" data-rel=\"iLightbox[gallery_image_1]\" class=\"fusion-lightbox\" target=\"_self\"><img loading=\"lazy\" decoding=\"async\" src=\"https:\/\/www.unios.hr\/kvaliteta\/wp-content\/uploads\/sites\/2\/2018\/11\/514445.jpg\" width=\"300\" height=\"400\" alt=\"\" title=\"514445\" aria-label=\"514445\" class=\"img-responsive wp-image-3641\" srcset=\"https:\/\/www.unios.hr\/kvaliteta\/wp-content\/uploads\/sites\/2\/2018\/11\/514445-225x300.jpg 225w, https:\/\/www.unios.hr\/kvaliteta\/wp-content\/uploads\/sites\/2\/2018\/11\/514445-255x340.jpg 255w, https:\/\/www.unios.hr\/kvaliteta\/wp-content\/uploads\/sites\/2\/2018\/11\/514445.jpg 300w\" sizes=\"auto, (max-width: 300px) 100vw, 300px\" \/><\/a><\/div><\/div><div style=\"padding:5px;\" class=\"fusion-grid-column fusion-gallery-column fusion-gallery-column-3 hover-type-none\"><div class=\"fusion-gallery-image\"><a href=\"https:\/\/www.unios.hr\/kvaliteta\/wp-content\/uploads\/sites\/2\/2021\/12\/hhjjhjkljgkg.png\" data-rel=\"iLightbox[gallery_image_1]\" class=\"fusion-lightbox\" target=\"_self\"><img loading=\"lazy\" decoding=\"async\" src=\"https:\/\/www.unios.hr\/kvaliteta\/wp-content\/uploads\/sites\/2\/2021\/12\/hhjjhjkljgkg.png\" width=\"480\" height=\"360\" alt=\"\" title=\"hhjjhjkljgkg\" aria-label=\"hhjjhjkljgkg\" class=\"img-responsive wp-image-5966\" srcset=\"https:\/\/www.unios.hr\/kvaliteta\/wp-content\/uploads\/sites\/2\/2021\/12\/hhjjhjkljgkg-255x191.png 255w, https:\/\/www.unios.hr\/kvaliteta\/wp-content\/uploads\/sites\/2\/2021\/12\/hhjjhjkljgkg-300x225.png 300w, https:\/\/www.unios.hr\/kvaliteta\/wp-content\/uploads\/sites\/2\/2021\/12\/hhjjhjkljgkg.png 480w\" sizes=\"auto, (max-width: 480px) 100vw, 480px\" \/><\/a><\/div><\/div><div style=\"padding:5px;\" class=\"fusion-grid-column fusion-gallery-column fusion-gallery-column-3 hover-type-none\"><div class=\"fusion-gallery-image\"><a href=\"https:\/\/www.unios.hr\/kvaliteta\/wp-content\/uploads\/sites\/2\/2022\/05\/mmmmm.jpg\" data-rel=\"iLightbox[gallery_image_1]\" class=\"fusion-lightbox\" target=\"_self\"><img loading=\"lazy\" decoding=\"async\" src=\"https:\/\/www.unios.hr\/kvaliteta\/wp-content\/uploads\/sites\/2\/2022\/05\/mmmmm.jpg\" width=\"500\" height=\"375\" alt=\"\" title=\"mmmmm\" aria-label=\"mmmmm\" class=\"img-responsive wp-image-6083\" srcset=\"https:\/\/www.unios.hr\/kvaliteta\/wp-content\/uploads\/sites\/2\/2022\/05\/mmmmm-255x191.jpg 255w, https:\/\/www.unios.hr\/kvaliteta\/wp-content\/uploads\/sites\/2\/2022\/05\/mmmmm-300x225.jpg 300w, https:\/\/www.unios.hr\/kvaliteta\/wp-content\/uploads\/sites\/2\/2022\/05\/mmmmm.jpg 500w\" sizes=\"auto, (max-width: 500px) 100vw, 500px\" \/><\/a><\/div><\/div><div class=\"clearfix\"><\/div><\/div><div class=\"fusion-clearfix\"><\/div>\n\n\t\t\t\t\t<\/div>\n\t\t\t\t<\/div><\/div><\/div>\n","protected":false},"excerpt":{"rendered":"","protected":false},"author":9,"featured_media":873,"parent":21,"menu_order":20,"comment_status":"closed","ping_status":"closed","template":"","meta":{"_monsterinsights_skip_tracking":false,"_monsterinsights_sitenote_active":false,"_monsterinsights_sitenote_note":"","_monsterinsights_sitenote_category":0,"ngg_post_thumbnail":0,"footnotes":"","_links_to":"","_links_to_target":""},"coauthors":[95],"class_list":["post-71","page","type-page","status-publish","has-post-thumbnail","hentry"],"publishpress_future_action":{"enabled":false,"date":"2026-04-23 21:06:57","action":"change-status","newStatus":"draft","terms":[],"taxonomy":"avhec_catgroup","extraData":[]},"publishpress_future_workflow_manual_trigger":{"enabledWorkflows":[]},"_links":{"self":[{"href":"https:\/\/www.unios.hr\/kvaliteta\/wp-json\/wp\/v2\/pages\/71","targetHints":{"allow":["GET"]}}],"collection":[{"href":"https:\/\/www.unios.hr\/kvaliteta\/wp-json\/wp\/v2\/pages"}],"about":[{"href":"https:\/\/www.unios.hr\/kvaliteta\/wp-json\/wp\/v2\/types\/page"}],"author":[{"embeddable":true,"href":"https:\/\/www.unios.hr\/kvaliteta\/wp-json\/wp\/v2\/users\/9"}],"replies":[{"embeddable":true,"href":"https:\/\/www.unios.hr\/kvaliteta\/wp-json\/wp\/v2\/comments?post=71"}],"version-history":[{"count":5,"href":"https:\/\/www.unios.hr\/kvaliteta\/wp-json\/wp\/v2\/pages\/71\/revisions"}],"predecessor-version":[{"id":6760,"href":"https:\/\/www.unios.hr\/kvaliteta\/wp-json\/wp\/v2\/pages\/71\/revisions\/6760"}],"up":[{"embeddable":true,"href":"https:\/\/www.unios.hr\/kvaliteta\/wp-json\/wp\/v2\/pages\/21"}],"wp:featuredmedia":[{"embeddable":true,"href":"https:\/\/www.unios.hr\/kvaliteta\/wp-json\/wp\/v2\/media\/873"}],"wp:attachment":[{"href":"https:\/\/www.unios.hr\/kvaliteta\/wp-json\/wp\/v2\/media?parent=71"}],"wp:term":[{"taxonomy":"author","embeddable":true,"href":"https:\/\/www.unios.hr\/kvaliteta\/wp-json\/wp\/v2\/coauthors?post=71"}],"curies":[{"name":"wp","href":"https:\/\/api.w.org\/{rel}","templated":true}]}}