{"id":90,"date":"2015-09-22T21:36:18","date_gmt":"2015-09-22T19:36:18","guid":{"rendered":"http:\/\/demo.unios.hr\/kvaliteta\/?page_id=90"},"modified":"2020-02-18T09:17:13","modified_gmt":"2020-02-18T08:17:13","slug":"misija-vizija-vrijednosti","status":"publish","type":"page","link":"https:\/\/www.unios.hr\/kvaliteta\/dokumenti-i-propisi\/misija-vizija-vrijednosti\/","title":{"rendered":"Misija, vizija, vrijednosti"},"content":{"rendered":"<h4><span style=\"text-transform:uppercase;\"><strong>Misija<\/strong><\/span><\/h4>\n<div class=\"su-spacer\" style=\"height:10px\"><\/div>\n<div class=\"su-list su-list-13\" style=\"margin-left:0px\">\n<ul>\n<li><i class=\"sui sui-arrow-right\" style=\"color:#36577f\"><\/i> razvoj i \u0161irenje kulture kvalitete na Sveu\u010dili\u0161tu (sustav prepoznat u vlastitom okru\u017eenju &#8211; akademska, neakademska zajednica)<\/li>\n<\/ul>\n<\/div>\n<div class=\"su-spacer\" style=\"height:15px\"><\/div>\n<h4><span style=\"text-transform:uppercase;\"><strong>Vizija<\/strong><\/span><\/h4>\n<div class=\"su-spacer\" style=\"height:10px\"><\/div>\n<div class=\"su-list su-list-13\" style=\"margin-left:0px\">\n<ul>\n<li><i class=\"sui sui-arrow-right\" style=\"color:#36577f\"><\/i> sna\u017ean sustav upravljanja kvalitetom neovisan o Upravi Sveu\u010dili\u0161ta, jedinstven sustav koji pro\u017eima sve sastavnice Sveu\u010dili\u0161ta (svi dionici sustava sustavno rade na pobolj\u0161anju kulture kvalitete)<\/li>\n<\/ul>\n<\/div>\n<div class=\"su-spacer\" style=\"height:15px\"><\/div>\n<h4><span style=\"text-transform:uppercase;\"><strong>Vrijednosti<\/strong><\/span><\/h4>\n<div class=\"su-spacer\" style=\"height:10px\"><\/div>\n<div class=\"su-list su-list-13\" style=\"margin-left:0px\">\n<ul>\n<li><i class=\"sui sui-arrow-right\" style=\"color:#36577f\"><\/i> otvorena suradnja tijela sustava upravljanja kvalitetom &#8211; Odbor za kvalitetu, Centar za kvalitetu (odgovornost u radu, entuzijazam, \u017eelja za pobolj\u0161anjem, povjerenje)<\/li>\n<li><i class=\"sui sui-arrow-right\" style=\"color:#36577f\"><\/i> akademski integritet, posve\u0107enost i otvorenost akademskoj zajednici<\/li>\n<li><i class=\"sui sui-arrow-right\" style=\"color:#36577f\"><\/i> cjelo\u017eivotno obrazovanje dionika sustava upravljanja kvalitetom<\/li>\n<\/ul>\n<\/div>\n","protected":false},"excerpt":{"rendered":"<p>Misija Vizija Vrijednosti<\/p>\n","protected":false},"author":9,"featured_media":873,"parent":23,"menu_order":40,"comment_status":"closed","ping_status":"closed","template":"","meta":{"_monsterinsights_skip_tracking":false,"_monsterinsights_sitenote_active":false,"_monsterinsights_sitenote_note":"","_monsterinsights_sitenote_category":0,"ngg_post_thumbnail":0,"footnotes":"","_links_to":"","_links_to_target":""},"coauthors":[95],"class_list":["post-90","page","type-page","status-publish","has-post-thumbnail","hentry"],"publishpress_future_action":{"enabled":false,"date":"2026-04-20 17:51:45","action":"change-status","newStatus":"draft","terms":[],"taxonomy":"avhec_catgroup","extraData":[]},"publishpress_future_workflow_manual_trigger":{"enabledWorkflows":[]},"_links":{"self":[{"href":"https:\/\/www.unios.hr\/kvaliteta\/wp-json\/wp\/v2\/pages\/90","targetHints":{"allow":["GET"]}}],"collection":[{"href":"https:\/\/www.unios.hr\/kvaliteta\/wp-json\/wp\/v2\/pages"}],"about":[{"href":"https:\/\/www.unios.hr\/kvaliteta\/wp-json\/wp\/v2\/types\/page"}],"author":[{"embeddable":true,"href":"https:\/\/www.unios.hr\/kvaliteta\/wp-json\/wp\/v2\/users\/9"}],"replies":[{"embeddable":true,"href":"https:\/\/www.unios.hr\/kvaliteta\/wp-json\/wp\/v2\/comments?post=90"}],"version-history":[{"count":5,"href":"https:\/\/www.unios.hr\/kvaliteta\/wp-json\/wp\/v2\/pages\/90\/revisions"}],"predecessor-version":[{"id":1354,"href":"https:\/\/www.unios.hr\/kvaliteta\/wp-json\/wp\/v2\/pages\/90\/revisions\/1354"}],"up":[{"embeddable":true,"href":"https:\/\/www.unios.hr\/kvaliteta\/wp-json\/wp\/v2\/pages\/23"}],"wp:featuredmedia":[{"embeddable":true,"href":"https:\/\/www.unios.hr\/kvaliteta\/wp-json\/wp\/v2\/media\/873"}],"wp:attachment":[{"href":"https:\/\/www.unios.hr\/kvaliteta\/wp-json\/wp\/v2\/media?parent=90"}],"wp:term":[{"taxonomy":"author","embeddable":true,"href":"https:\/\/www.unios.hr\/kvaliteta\/wp-json\/wp\/v2\/coauthors?post=90"}],"curies":[{"name":"wp","href":"https:\/\/api.w.org\/{rel}","templated":true}]}}