{"id":99,"date":"2015-09-24T07:58:45","date_gmt":"2015-09-24T05:58:45","guid":{"rendered":"http:\/\/demo.unios.hr\/kvaliteta\/?page_id=99"},"modified":"2024-04-09T11:09:42","modified_gmt":"2024-04-09T09:09:42","slug":"propisi","status":"publish","type":"page","link":"https:\/\/www.unios.hr\/kvaliteta\/djelatnosti\/akademsko-priznavanje\/propisi\/","title":{"rendered":"Propisi"},"content":{"rendered":"<div class=\"su-list su-list-13\" style=\"margin-left:0px\">\n<ul>\n<li><i class=\"sui sui-arrow-right\" style=\"color:#36577f\"><\/i> <a title=\"\" href=\"http:\/\/conventions.coe.int\/Treaty\/Commun\/QueVoulezVous.asp?NT=165&amp;CL=ENG\" target=\"\" rel=\"noopener\">Lisabonska konvencija<\/a> (Konvencija o priznavanju visoko\u0161kolskih kvalifikacija u podru\u010dju Europe), 1997 (Ugovor Vije\u0107a Europe br. 165)<\/li>\n<li><i class=\"sui sui-arrow-right\" style=\"color:#36577f\"><\/i> <a title=\"\" href=\"http:\/\/narodne-novine.nn.hr\/clanci\/medunarodni\/327872.html\" target=\"\" rel=\"noopener\">Zakon o potvr\u0111ivanju Konvencije o priznavanju visoko\u0161kolskih kvalifikacija u podru\u010dju Europe <\/a>(Narodne novine, Me\u0111unarodni ugovori, br: 9\/02 i 15\/02)<\/li>\n<li><i class=\"sui sui-arrow-right\" style=\"color:#36577f\"><\/i> Zakon o visokom obrazovanju i znanstvenoj djelatnosti (Narodne novine br. <a href=\"http:\/\/www.nn.hr\/clanci\/sluzbeno\/2003\/1742.htm\">119\/22<\/a>)<\/li>\n<li><i class=\"sui sui-arrow-right\" style=\"color:#36577f\"><\/i> Zakon o priznavanju i vrednovanju inozemnih obrazovnih kvalifikacija (Narodne novine, br. <a href=\"https:\/\/narodne-novine.nn.hr\/clanci\/sluzbeni\/2022_06_69_1023.html\">69\/22<\/a>)<\/li>\n<li><i class=\"sui sui-arrow-right\" style=\"color:#36577f\"><\/i> <a href=\"https:\/\/www.unios.hr\/kvaliteta\/wp-content\/uploads\/sites\/2\/2015\/09\/Kriteriji.pdf\" rel=\"\">Kriteriji za vrednovanje inozemnih visoko\u0161kolskih kvalifikacija Agencije za znanosti visoko obrazovanje<\/a><\/li>\n<li><i class=\"sui sui-arrow-right\" style=\"color:#36577f\"><\/i> <a href=\"https:\/\/www.unios.hr\/kvaliteta\/wp-content\/uploads\/sites\/2\/2015\/09\/50Pravilnik-o-akademskom-priznavanju.pdf\" rel=\"\">Pravilnik o akademskom priznavanju<\/a><\/li>\n<\/ul>\n<\/div>\n","protected":false},"excerpt":{"rendered":"","protected":false},"author":9,"featured_media":873,"parent":68,"menu_order":10,"comment_status":"closed","ping_status":"closed","template":"","meta":{"_monsterinsights_skip_tracking":false,"_monsterinsights_sitenote_active":false,"_monsterinsights_sitenote_note":"","_monsterinsights_sitenote_category":0,"ngg_post_thumbnail":0,"footnotes":"","_links_to":"","_links_to_target":""},"coauthors":[95],"class_list":["post-99","page","type-page","status-publish","has-post-thumbnail","hentry"],"publishpress_future_action":{"enabled":false,"date":"2026-04-23 22:40:47","action":"change-status","newStatus":"draft","terms":[],"taxonomy":"avhec_catgroup","extraData":[]},"publishpress_future_workflow_manual_trigger":{"enabledWorkflows":[]},"_links":{"self":[{"href":"https:\/\/www.unios.hr\/kvaliteta\/wp-json\/wp\/v2\/pages\/99","targetHints":{"allow":["GET"]}}],"collection":[{"href":"https:\/\/www.unios.hr\/kvaliteta\/wp-json\/wp\/v2\/pages"}],"about":[{"href":"https:\/\/www.unios.hr\/kvaliteta\/wp-json\/wp\/v2\/types\/page"}],"author":[{"embeddable":true,"href":"https:\/\/www.unios.hr\/kvaliteta\/wp-json\/wp\/v2\/users\/9"}],"replies":[{"embeddable":true,"href":"https:\/\/www.unios.hr\/kvaliteta\/wp-json\/wp\/v2\/comments?post=99"}],"version-history":[{"count":3,"href":"https:\/\/www.unios.hr\/kvaliteta\/wp-json\/wp\/v2\/pages\/99\/revisions"}],"predecessor-version":[{"id":6846,"href":"https:\/\/www.unios.hr\/kvaliteta\/wp-json\/wp\/v2\/pages\/99\/revisions\/6846"}],"up":[{"embeddable":true,"href":"https:\/\/www.unios.hr\/kvaliteta\/wp-json\/wp\/v2\/pages\/68"}],"wp:featuredmedia":[{"embeddable":true,"href":"https:\/\/www.unios.hr\/kvaliteta\/wp-json\/wp\/v2\/media\/873"}],"wp:attachment":[{"href":"https:\/\/www.unios.hr\/kvaliteta\/wp-json\/wp\/v2\/media?parent=99"}],"wp:term":[{"taxonomy":"author","embeddable":true,"href":"https:\/\/www.unios.hr\/kvaliteta\/wp-json\/wp\/v2\/coauthors?post=99"}],"curies":[{"name":"wp","href":"https:\/\/api.w.org\/{rel}","templated":true}]}}